4*d, -4 = d. Calculate the remainder when z is divided by q.
1
Let v = -289 - -370. What is the remainder when v is divided by 50?
31
Let p(v) = -10*v - 219. What is the remainder when 52 is divided by p(-23)?
8
What is the remainder when 22 is divided by 38*(8 + -6)/4?
3
Let a(b) = -2*b - 2. Let y(l) = 6*l + 2. Let i be y(-4). Let d = i + 19. Calculate the remainder when 18 is divided by a(d).
2
Let s(t) = 9*t**2 + 3*t + 3. Let u be s(-2). Suppose -u - 36 = -3*w. What is the remainder when -3 - 62/(-2*(-6)/(-18)) is divided by w?
21
Let n(y) = -2*y**2 - 26*y + 3. Let o be n(-11). Let p = o + -7. Calculate the remainder when 79 is divided by p.
39
Let v = -33 - -57. Let m = -68 + 158. What is the remainder when m is divided by (276/v)/(2/4)?
21
Suppose 10*x = -6*x + 400. What is the remainder when 273 is divided by x?
23
Let u(s) = -7*s - 4. Let z be u(2). Let y = 251 + -174. Let f = z + y. What is the remainder when f is divided by 15?
14
Suppose 0 = -3*l - l + 192. Let s = -45 + 55. What is the remainder when l is divided by s?
8
Let f(o) = -3*o - 4. Let i be f(-3). Let t = 7 - i. Suppose 3*r - 13 = -l, -r - t = -2*r. Calculate the remainder when 25 is divided by l.
4
Suppose -2 = -4*r - 22, 3*r + 130 = 5*l. Suppose -7*d - l = -8*d. Calculate the remainder when d is divided by 12.
11
Let s(h) be the first derivative of -h**4/4 + 5*h**3/3 - 3*h**2/2 + h + 2. What is the remainder when 41 is divided by s(2)?
6
Suppose -13*c + 40 = -142. What is the remainder when 207 is divided by c?
11
Let s = 1847 - 563. What is the remainder when s is divided by 129?
123
Let b = 3 - -61. Suppose -n + 5*y - 3*y = -b, -n + 69 = -3*y. Calculate the remainder when 214 is divided by n.
52
Calculate the remainder when 34 is divided by (-11 - -8) + (-16)/(-2).
4
Suppose -l + 95 = -2*w, 4*l + 0*w = -2*w + 330. Suppose 0 = -2*a + 7*a - l. Calculate the remainder when a is divided by 5.
2
Let w = 28 + -26. Suppose -5*z + w*d + 29 = -5, -3*z + 9 = -5*d. Calculate the remainder when 29 is divided by z.
5
Let n = 4 - 5. What is the remainder when 4/(-5) + 154/5 is divided by n/5 + (-448)/(-40)?
8
Let b = 844 - 787. What is the remainder when b is divided by 11?
2
Suppose 5*g + 4*d = 280, 99 + 36 = 2*g - 3*d. Calculate the remainder when 177 is divided by g.
57
Let h = 1110 - 1088. Calculate the remainder when h is divided by (-4)/6*(-42)/4.
1
Let x(z) = 6*z**2 - 1. Let d be -1*56/(-12)*3. Let l = -12 + d. What is the remainder when x(l) is divided by 12?
11
Suppose -689 = -49*c + 36*c. What is the remainder when 210 is divided by c?
51
Suppose 2*n - 4*n = 2, -5*n = g - 14. Let q(j) = j**3 + 4*j**2 - 7*j - 3. Let m be 1*(3 - 3 - 5). Calculate the remainder when g is divided by q(m).
5
Let q(v) = -v**3 - 1. Let g be q(-1). Suppose g = 2*y - 0*y. Suppose y*d = -4*d + 112. What is the remainder when 82 is divided by d?
26
Suppose o - 5 - 15 = 0. Let w be (-6 + (-152)/(-6))/(1/36). Suppose 0 = -12*k - 0*k + w. What is the remainder when k is divided by o?
18
Let o = -920 + 927. Let d = -17 + 36. What is the remainder when d is divided by o?
5
Let f = 24 + -6. Suppose -h + 3*h = f. Calculate the remainder when (-3)/9*(-78 + 0) is divided by h.
8
Let c(z) = 38*z - 1. Let o be c(2). Suppose 7*h - o = 4*h. Let a(k) = -7*k**2 - 347*k - 99. Calculate the remainder when a(-49) is divided by h.
22
Let d(z) = z**2 + 5*z - 3. Let t be d(-6). Let y be 6/(21/(-6) + t). Let n = y + 17. What is the remainder when 12 is divided by n?
2
Suppose -24 = -3*r - 5*i, 0*r + 4*i = -3*r + 21. Suppose 4*d + 5*l = 6*d - 68, d + r*l = 45. Calculate the remainder when d is divided by 20.
19
Suppose -21*w = 17*w - 684. Let i be -2*-2*46/8. Let a = i - w. What is the remainder when 9 is divided by a?
4
Suppose 3*c - 3 = -i + 5, -6 = -3*c. Suppose j - y + 2 = 0, i*j - 11 = 6*j - 5*y. Calculate the remainder when 43 is divided by 11*2*(0 + j).
21
Let i(s) = s**2 - 5*s - 5. Let w be i(7). Let b be 2/9 + 538/w. Suppose 3*m - b = -2*m. What is the remainder when 46 is divided by m?
10
Let z be 90/2*(-3 + 7/21). Let k = z - -200. Calculate the remainder when k is divided by 21.
17
Let o(n) = -n**3 + 36*n**2 - 36*n + 114. Calculate the remainder when 2605 is divided by o(35).
77
What is the remainder when -2 + (-27)/(-15) - (-1998)/15 is divided by 46?
41
Let x(g) = -g**2 + 15*g - 30. Let p be x(13). Calculate the remainder when 4/16 + (-191)/(-4) is divided by (5 + -3)/(p/(-34)).
14
Let z = 5 + 8. Calculate the remainder when 33/110 - (-694)/20 is divided by z.
9
Let p = -91 + 160. What is the remainder when p is divided by 36?
33
Let c be 1398/18 - (-2)/(-3). Suppose -2*h = -c + 19. Suppose -6*v + 31 = -h. Calculate the remainder when 19 is divided by v.
9
Suppose -22 - 77 = -3*o. Suppose -128 = -5*n - 2*w, 4*w + 55 = 2*n + w. Suppose -2*u + 3*d = -42, u - 2*d = n - 4. What is the remainder when o is divided by u?
15
Let m = 278 + -234. What is the remainder when m is divided by 17?
10
Let q = 172 + -129. What is the remainder when q is divided by 22?
21
Suppose 0 = -4*w + 3 + 5. Suppose 0 = -5*j - 3*v + 22, 0 = -w*v - 2*v - 4. What is the remainder when 14 is divided by j?
4
Let q = 91 - 45. Suppose 2*k - q = 32. Let o = -180 - -190. What is the remainder when k is divided by o?
9
Let j(m) = -m - 9. Suppose 5*i - 144 = i. Suppose 0 = -0*k - 2*k + 3*y, 0 = -4*k - 3*y + i. What is the remainder when k is divided by j(-13)?
2
Suppose 118 = -m + 2*m - 5*o, 0 = 3*m + 5*o - 294. What is the remainder when m is divided by 5/(7*(-45)/(-1638))?
25
Let q = 6 - 1. Let t be (14/2 + -3)*1. What is the remainder when q is divided by 0/t - (5 + -9)?
1
Suppose 5*j - 4 - 16 = 0. Suppose 2*v + j = 0, -v + 0 = f + 1. What is the remainder when f is divided by 1?
0
Let y = 10 - 8. Suppose -3*g + 13 = -y*i, 3*g = -5*i + 15 + 5. What is the remainder when g is divided by 8/6*27/12?
2
Suppose 13*h - 8*h = 75. Suppose -48 = -h*g + 42. Let x = 16 - -6. What is the remainder when x is divided by g?
4
Let r = 1799 + -1621. What is the remainder when r is divided by 87?
4
Suppose 5*a = -85 + 85. Suppose a = -g + 42 - 33. Let j(f) = f**2 + 4*f - 6. What is the remainder when g is divided by j(-6)?
3
Let i(j) = 3*j**2 - 7*j + 66. Calculate the remainder when i(5) is divided by 42.
22
Let c(d) = d**2 - 22*d + 17. Let f be c(20). Let t = f + 64. Let r = 23 + -9. What is the remainder when t is divided by r?
13
Let c = -8 + 15. Let s(v) = 8*v - 26. Let t be s(6). Suppose -5*h - 12 = -t. Calculate the remainder when c is divided by h.
1
Calculate the remainder when (0 + 4)/((-1)/(-51)) is divided by 34/153 + 734*(-1)/(-18).
40
Suppose 9 = 6*p + 3. Suppose 3*q + 3*t = t + 7, 2*t - 9 = -5*q. Calculate the remainder when p is divided by q.
0
Let b(l) = -l - 10. Suppose -3*v + 5*i = v - 30, -5*i = 4*v - 10. Suppose -66 = -v*p + 2*p. What is the remainder when p is divided by b(-18)?
6
Let h = -16 + -100. Let j = h - -127. Calculate the remainder when j is divided by 5.
1
Let v(f) = -2*f - 7. Let o be v(-4). Let m be o/(-5) + 644/(-5). Calculate the remainder when 43 is divided by m/(-6) - (-2)/4.
21
Suppose 0 = 3*g + 8*w - 5*w - 75, 5*g + 4*w - 128 = 0. What is the remainder when g is divided by 6?
4
Let g(a) = a**2 + 2*a + 1. Suppose -12 = 5*k - k. Calculate the remainder when (-2)/7 - 88/(-14) is divided by g(k).
2
Suppose 5*p + 2*g = 440 + 237, 4*p = -2*g + 540. What is the remainder when p is divided by 14?
11
Suppose 0 = 3*l - 4*n - 56, -n = -5*l - 0*n + 65. Suppose -3*b + 1 = 2*y - l, 2 = y. Calculate the remainder when 9 is divided by b.
0
Let h(u) = u + 21. Let v(r) = -r**2 - 10*r + 1. Let b be v(-11). Suppose -4 = 4*t - 16. What is the remainder when h(b) is divided by t?
2
Let k(o) = -o**2 + 0 + 4 - 1 + 2*o**2 + 5*o. Let n be k(-6). Suppose 2*t - n - 41 = 0. What is the remainder when 47 is divided by t?
22
Let y = -260 - -281. Calculate the remainder when 118 is divided by y.
13
Let z(k) = -2*k**3 + 20*k**2 - 2*k + 47. Calculate the remainder when 126 is divided by z(10).
18
Suppose 4*o + 49 - 312 = -3*b, b = 2*o - 129. Suppose 2*t = 3*x - 50 - o, 2*x = -3*t + 81. Calculate the remainder when x is divided by 7.
4
Let w(i) = -13*i - 66. Suppose -146 = r - 15. What is the remainder when 3/12 + r/(-4) is divided by w(-6)?
9
Suppose 